{"id":173,"date":"2019-03-24T14:02:29","date_gmt":"2019-03-24T14:02:29","guid":{"rendered":"http:\/\/konyhakertunk.hu\/?page_id=173"},"modified":"2022-08-15T16:09:32","modified_gmt":"2022-08-15T16:09:32","slug":"uborka","status":"publish","type":"page","link":"https:\/\/konyhakertunk.hu\/?page_id=173","title":{"rendered":"UBORKA"},"content":{"rendered":"\n<figure class=\"wp-block-image is-resized\"><img loading=\"lazy\" decoding=\"async\" src=\"https:\/\/konyhakertunk.hu\/wp-content\/uploads\/2019\/03\/vyr_499f\u00fcrt\u00f6s-uborka.jpg\" alt=\"\" class=\"wp-image-268\" width=\"442\" height=\"316\"\/><\/figure>\n\n\n\n<p><em><strong>Tulajdons\u00e1ga<\/strong>:<\/em><\/p>\n\n\n\n<p>Magas k\u00e1lium tartalm\u00fa. K\u00fcls\u0151leg haszn\u00e1lva r\u00f6vid id\u0151 ut\u00e1n\nmegjelen\u00e9s\u00fcnk fiatalosabb lehet. J\u00f3t\u00e9kony h\u0171s\u00edt\u0151k\u00e9nt hat&nbsp; a &nbsp;k\u00fcl\u00f6nb\u00f6z\u0151 eredet\u0171 cs\u00edp\u00e9sek f\u00e1jdalm\u00e1nak\nenyh\u00edt\u00e9s\u00e9ben. Elt\u00e9r\u0151 okok miatt kiv\u00f6r\u00f6s\u00f6d\u00f6tt b\u0151rre kiv\u00e1l\u00f3\ngyullad\u00e1scs\u00f6kkent\u0151k\u00e9nt hat.<\/p>\n\n\n\n<p><em><strong>Vet\u00e9si ideje:<\/strong><\/em><\/p>\n\n\n\n<p>Magr\u00f3l \u00e1prilis k\u00f6zep\u00e9t\u0151l, pal\u00e1nt\u00e1z\u00e1ssal febru\u00e1r v\u00e9g\u00e9t\u0151l.<\/p>\n\n\n\n<p><em><strong>Termeszt\u00e9se:<\/strong><\/em><\/p>\n\n\n\n<p>****Magr\u00f3l:<\/p>\n\n\n\n<ol class=\"wp-block-list\"><li>A n\u00f6v\u00e9ny termeszt\u00e9s\u00e9re sz\u00e1nt helyet \u00e1ssuk fel, gyoml\u00e1ljuk ki, majd egyenletesen gerebly\u00e9zz\u00fck el, hogy sima fel\u00fcletet kapjunk.<\/li><li> Az uborka az er\u0151sen tr\u00e1gy\u00e1zott talajt kedveli. H\u00fazzunk ki neki egy 2-3 cm-es m\u00e9lyed\u00e9st, \u00e9s abba helyezz\u00fck a magokat 4-5cm-enk\u00e9nt.<\/li><li>Takarjuk be f\u00f6lddel, enyh\u00e9n t\u00f6m\u00f6r\u00edts\u00fck felette a talajt, majd locsoljuk meg.<\/li><li>Est\u00e9nk\u00e9nt locsoljuk meg.<\/li><li>Folyamatosan gyommentesen \u00e9s porhany\u00f3san kell tartani k\u00f6r\u00fcl\u00f6tte a talajt.<\/li><\/ol>\n\n\n\n<p>****Pal\u00e1nt\u00e1z\u00e1ssal:<\/p>\n\n\n\n<ol class=\"wp-block-list\"><li>T\u00e1pkock\u00e1ba vagy pap\u00edrcser\u00e9pbe tegy\u00fcnk 1-1 szem magot 2-3cm m\u00e9lyen.<\/li><li>Meleg \u00e9s vil\u00e1gos helyen, minden nap locsolva nevelj\u00fck \u00e1prilis k\u00f6zep\u00e9ig.<\/li><li>Az uborka az er\u0151sen tr\u00e1gy\u00e1zott talajt kedveli. Ut\u00e1na a kock\u00e1ban hagyva ki\u00fcltetj\u00fck egym\u00e1st\u00f3l 30-30cm t\u0151t\u00e1vols\u00e1gra, a m\u00e1r el\u0151k\u00e9sz\u00edtett ter\u00fcletre.<\/li><li>Minden este locsoljuk meg.<\/li><li>Vet\u00e9s ut\u00e1n megkap\u00e1ljuk. Folyamatosan gyommentesen \u00e9s porhany\u00f3san kell tartani k\u00f6r\u00fcl\u00f6tte a talajt.<\/li><\/ol>\n\n\n\n<p><\/p>\n\n\n\n<p><strong>Vide\u00f3 a vet\u00e9sr\u0151l<\/strong> (pal\u00e1nt\u00e1z\u00e1ssal) :<\/p>\n\n\n\n<figure class=\"wp-block-embed is-type-video is-provider-youtube wp-block-embed-youtube wp-embed-aspect-16-9 wp-has-aspect-ratio\"><div class=\"wp-block-embed__wrapper\">\n<iframe loading=\"lazy\" title=\"Uborka vet\u00e9s\" width=\"625\" height=\"352\" src=\"https:\/\/www.youtube.com\/embed\/wRTW08kBGWA?feature=oembed\" frameborder=\"0\" allow=\"accelerometer; autoplay; clipboard-write; encrypted-media; gyroscope; picture-in-picture; web-share\" referrerpolicy=\"strict-origin-when-cross-origin\" allowfullscreen><\/iframe>\n<\/div><\/figure>\n\n\n\n<p><strong>Vide\u00f3 az \u00fcltet\u00e9sr\u0151l<\/strong>: <\/p>\n\n\n\n<figure class=\"wp-block-embed is-type-video is-provider-youtube wp-block-embed-youtube wp-embed-aspect-16-9 wp-has-aspect-ratio\"><div class=\"wp-block-embed__wrapper\">\n<iframe loading=\"lazy\" title=\"Uborka \u00fcltet\u00e9s\" width=\"625\" height=\"352\" src=\"https:\/\/www.youtube.com\/embed\/jLQu7o6FHIk?start=13&#038;feature=oembed\" frameborder=\"0\" allow=\"accelerometer; autoplay; clipboard-write; encrypted-media; gyroscope; picture-in-picture; web-share\" referrerpolicy=\"strict-origin-when-cross-origin\" allowfullscreen><\/iframe>\n<\/div><\/figure>\n\n\n\n<p><\/p>\n\n\n\n<p><strong>Teraszon is k\u00f6nnyen vethet\u0151:<\/strong><\/p>\n\n\n\n<figure class=\"wp-block-embed is-type-video is-provider-youtube wp-block-embed-youtube wp-embed-aspect-16-9 wp-has-aspect-ratio\"><div class=\"wp-block-embed__wrapper\">\n<iframe loading=\"lazy\" title=\"Kert\u00e9szked\u00e9s teraszon - uborka \u00fcltet\u00e9s\" width=\"625\" height=\"352\" src=\"https:\/\/www.youtube.com\/embed\/CBjFN3giXeI?feature=oembed\" frameborder=\"0\" allow=\"accelerometer; autoplay; clipboard-write; encrypted-media; gyroscope; picture-in-picture; web-share\" referrerpolicy=\"strict-origin-when-cross-origin\" allowfullscreen><\/iframe>\n<\/div><\/figure>\n","protected":false},"excerpt":{"rendered":"<p>Tulajdons\u00e1ga: Magas k\u00e1lium tartalm\u00fa. K\u00fcls\u0151leg haszn\u00e1lva r\u00f6vid id\u0151 ut\u00e1n megjelen\u00e9s\u00fcnk fiatalosabb lehet. J\u00f3t\u00e9kony h\u0171s\u00edt\u0151k\u00e9nt hat&nbsp; a &nbsp;k\u00fcl\u00f6nb\u00f6z\u0151 eredet\u0171 cs\u00edp\u00e9sek f\u00e1jdalm\u00e1nak enyh\u00edt\u00e9s\u00e9ben. Elt\u00e9r\u0151 okok miatt kiv\u00f6r\u00f6s\u00f6d\u00f6tt b\u0151rre kiv\u00e1l\u00f3 gyullad\u00e1scs\u00f6kkent\u0151k\u00e9nt hat. Vet\u00e9si ideje: Magr\u00f3l \u00e1prilis k\u00f6zep\u00e9t\u0151l, pal\u00e1nt\u00e1z\u00e1ssal febru\u00e1r v\u00e9g\u00e9t\u0151l. Termeszt\u00e9se: ****Magr\u00f3l: A n\u00f6v\u00e9ny termeszt\u00e9s\u00e9re sz\u00e1nt helyet \u00e1ssuk fel, gyoml\u00e1ljuk ki, majd egyenletesen gerebly\u00e9zz\u00fck el, hogy sima fel\u00fcletet [&hellip;]<\/p>\n","protected":false},"author":1,"featured_media":0,"parent":0,"menu_order":0,"comment_status":"closed","ping_status":"closed","template":"","meta":{"footnotes":""},"class_list":["post-173","page","type-page","status-publish","hentry"],"_links":{"self":[{"href":"https:\/\/konyhakertunk.hu\/index.php?rest_route=\/wp\/v2\/pages\/173","targetHints":{"allow":["GET"]}}],"collection":[{"href":"https:\/\/konyhakertunk.hu\/index.php?rest_route=\/wp\/v2\/pages"}],"about":[{"href":"https:\/\/konyhakertunk.hu\/index.php?rest_route=\/wp\/v2\/types\/page"}],"author":[{"embeddable":true,"href":"https:\/\/konyhakertunk.hu\/index.php?rest_route=\/wp\/v2\/users\/1"}],"replies":[{"embeddable":true,"href":"https:\/\/konyhakertunk.hu\/index.php?rest_route=%2Fwp%2Fv2%2Fcomments&post=173"}],"version-history":[{"count":11,"href":"https:\/\/konyhakertunk.hu\/index.php?rest_route=\/wp\/v2\/pages\/173\/revisions"}],"predecessor-version":[{"id":489,"href":"https:\/\/konyhakertunk.hu\/index.php?rest_route=\/wp\/v2\/pages\/173\/revisions\/489"}],"wp:attachment":[{"href":"https:\/\/konyhakertunk.hu\/index.php?rest_route=%2Fwp%2Fv2%2Fmedia&parent=173"}],"curies":[{"name":"wp","href":"https:\/\/api.w.org\/{rel}","templated":true}]}}