{"id":175,"date":"2019-03-24T14:02:29","date_gmt":"2019-03-24T14:02:29","guid":{"rendered":"http:\/\/konyhakertunk.hu\/?page_id=175"},"modified":"2023-01-15T08:44:13","modified_gmt":"2023-01-15T08:44:13","slug":"zoldbab","status":"publish","type":"page","link":"https:\/\/konyhakertunk.hu\/?page_id=175","title":{"rendered":"Z\u00d6LDBAB"},"content":{"rendered":"\n<figure class=\"wp-block-image is-resized\"><img loading=\"lazy\" decoding=\"async\" src=\"https:\/\/konyhakertunk.hu\/wp-content\/uploads\/2019\/03\/117530_zoldbab07-201510171322.jpg\" alt=\"\" class=\"wp-image-280\" width=\"475\" height=\"315\" srcset=\"https:\/\/konyhakertunk.hu\/wp-content\/uploads\/2019\/03\/117530_zoldbab07-201510171322.jpg 600w, https:\/\/konyhakertunk.hu\/wp-content\/uploads\/2019\/03\/117530_zoldbab07-201510171322-300x199.jpg 300w\" sizes=\"auto, (max-width: 475px) 100vw, 475px\" \/><\/figure>\n\n\n\n<p><em><strong>Tulajdons\u00e1ga<\/strong>:<\/em><\/p>\n\n\n\n<p>A-, B- \u00e9s C-vitaminban gazdag. Cs\u00f6kkenti a t\u00e1pl\u00e1l\u00e9kban l\u00e9v\u0151\nkoleszeterin felsz\u00edv\u00f3d\u00e1s\u00e1t. Enyh\u00edti a cukorbetegek panaszait. Leve el\u0151seg\u00edti az\nem\u00e9szt\u00e9st, serkenti a m\u00e1j m\u0171k\u00f6d\u00e9s\u00e9t.<\/p>\n\n\n\n<p><em><strong>Vet\u00e9si ideje<\/strong>:<\/em><\/p>\n\n\n\n<p>\u00c1prilis k\u00f6zep\u00e9n<\/p>\n\n\n\n<p><em><strong>Termeszt\u00e9se:<\/strong><\/em><\/p>\n\n\n\n<ol class=\"wp-block-list\">\n<li>A z\u00f6ldbab az er\u0151sen tr\u00e1gy\u00e1zott talajt kedveli. A n\u00f6v\u00e9ny termeszt\u00e9s\u00e9re sz\u00e1nt helyet \u00e1ssuk fel, gyoml\u00e1ljuk ki, majd egyenletesen gerebly\u00e9zz\u00fck el, hogy sima fel\u00fcletet kapjunk.<\/li>\n\n\n\n<li>H\u00fazzunk ki neki egy 6-8 cm-es m\u00e9lyed\u00e9st, \u00e9s abba helyezz\u00fck a magokat 5-6 cm-enk\u00e9nt.<\/li>\n\n\n\n<li>Takarjuk be f\u00f6lddel, enyh\u00e9n t\u00f6m\u00f6r\u00edts\u00fck felette a talajt, majd locsoljuk meg.<\/li>\n\n\n\n<li>Az els\u0151 h\u00f3napban minden este locsoljuk, ut\u00e1na el\u00e9g m\u00e1s naponta.<\/li>\n\n\n\n<li>Vet\u00e9s ut\u00e1n amint a sor l\u00e1tszik, megkap\u00e1ljuk. Folyamatosan gyommentesen \u00e9s porhany\u00f3san kell tartani k\u00f6r\u00fcl\u00f6tte a talajt.<\/li>\n\n\n\n<li>Locsol\u00e1skor vizsg\u00e1ld meg, nem t\u00e1madta-e meg valami.<\/li>\n<\/ol>\n\n\n\n<p><\/p>\n\n\n\n<p><strong>Vide\u00f3 a vet\u00e9sr\u0151l<\/strong>: <\/p>\n\n\n\n<figure class=\"wp-block-embed is-type-video is-provider-youtube wp-block-embed-youtube wp-embed-aspect-16-9 wp-has-aspect-ratio\"><div class=\"wp-block-embed__wrapper\">\n<iframe loading=\"lazy\" title=\"Bokorbab vet\u00e9s\" width=\"625\" height=\"352\" src=\"https:\/\/www.youtube.com\/embed\/Aad4PDhGGIo?start=3&#038;feature=oembed\" frameborder=\"0\" allow=\"accelerometer; autoplay; clipboard-write; encrypted-media; gyroscope; picture-in-picture; web-share\" referrerpolicy=\"strict-origin-when-cross-origin\" allowfullscreen><\/iframe>\n<\/div><\/figure>\n\n\n\n<p><\/p>\n\n\n\n<p><strong>Teraszon is k\u00f6nnyen vethet\u0151:<\/strong> <\/p>\n\n\n\n<figure class=\"wp-block-embed is-type-video is-provider-youtube wp-block-embed-youtube wp-embed-aspect-16-9 wp-has-aspect-ratio\"><div class=\"wp-block-embed__wrapper\">\n<iframe loading=\"lazy\" title=\"Kert\u00e9szked\u00e9s teraszon - z\u00f6ldbab vet\u00e9s-green bean\" width=\"625\" height=\"352\" src=\"https:\/\/www.youtube.com\/embed\/bWny1oTX9lM?feature=oembed\" frameborder=\"0\" allow=\"accelerometer; autoplay; clipboard-write; encrypted-media; gyroscope; picture-in-picture; web-share\" referrerpolicy=\"strict-origin-when-cross-origin\" allowfullscreen><\/iframe>\n<\/div><\/figure>\n","protected":false},"excerpt":{"rendered":"<p>Tulajdons\u00e1ga: A-, B- \u00e9s C-vitaminban gazdag. Cs\u00f6kkenti a t\u00e1pl\u00e1l\u00e9kban l\u00e9v\u0151 koleszeterin felsz\u00edv\u00f3d\u00e1s\u00e1t. Enyh\u00edti a cukorbetegek panaszait. Leve el\u0151seg\u00edti az em\u00e9szt\u00e9st, serkenti a m\u00e1j m\u0171k\u00f6d\u00e9s\u00e9t. Vet\u00e9si ideje: \u00c1prilis k\u00f6zep\u00e9n Termeszt\u00e9se: Vide\u00f3 a vet\u00e9sr\u0151l: Teraszon is k\u00f6nnyen vethet\u0151:<\/p>\n","protected":false},"author":1,"featured_media":0,"parent":0,"menu_order":0,"comment_status":"closed","ping_status":"closed","template":"","meta":{"footnotes":""},"class_list":["post-175","page","type-page","status-publish","hentry"],"_links":{"self":[{"href":"https:\/\/konyhakertunk.hu\/index.php?rest_route=\/wp\/v2\/pages\/175","targetHints":{"allow":["GET"]}}],"collection":[{"href":"https:\/\/konyhakertunk.hu\/index.php?rest_route=\/wp\/v2\/pages"}],"about":[{"href":"https:\/\/konyhakertunk.hu\/index.php?rest_route=\/wp\/v2\/types\/page"}],"author":[{"embeddable":true,"href":"https:\/\/konyhakertunk.hu\/index.php?rest_route=\/wp\/v2\/users\/1"}],"replies":[{"embeddable":true,"href":"https:\/\/konyhakertunk.hu\/index.php?rest_route=%2Fwp%2Fv2%2Fcomments&post=175"}],"version-history":[{"count":10,"href":"https:\/\/konyhakertunk.hu\/index.php?rest_route=\/wp\/v2\/pages\/175\/revisions"}],"predecessor-version":[{"id":519,"href":"https:\/\/konyhakertunk.hu\/index.php?rest_route=\/wp\/v2\/pages\/175\/revisions\/519"}],"wp:attachment":[{"href":"https:\/\/konyhakertunk.hu\/index.php?rest_route=%2Fwp%2Fv2%2Fmedia&parent=175"}],"curies":[{"name":"wp","href":"https:\/\/api.w.org\/{rel}","templated":true}]}}